is the hundred thousands digit of 338561259?
5
What is the units digit of 566298456?
6
What is the hundred millions digit of 905839282?
9
What is the hundred millions digit of 105638141?
1
What is the units digit of 64689009?
9
What is the millions digit of 4689373?
4
What is the hundreds digit of 1025161253?
2
What is the hundreds digit of 1335611543?
5
What is the hundreds digit of 28699030?
0
What is the units digit of 1698588267?
7
What is the thousands digit of 2961721267?
1
What is the tens digit of 279320007?
0
What is the hundreds digit of 71764937?
9
What is the tens digit of 94909514?
1
What is the ten thousands digit of 7737483278?
8
What is the tens digit of 25748775?
7
What is the ten thousands digit of 749122910?
2
What is the tens digit of 443970615?
1
What is the ten millions digit of 1638183983?
3
What is the millions digit of 2208304236?
8
What is the millions digit of 121860993?
1
What is the ten millions digit of 106101397?
0
What is the hundred millions digit of 2368845336?
3
What is the units digit of 2294875002?
2
What is the hundred thousands digit of 156249568?
2
What is the millions digit of 6876727?
6
What is the hundreds digit of 6865275262?
2
What is the ten thousands digit of 225950778?
5
What is the thousands digit of 27979565?
9
What is the millions digit of 165936424?
5
What is the ten thousands digit of 89387709?
8
What is the ten millions digit of 1147427456?
4
What is the units digit of 1892881407?
7
What is the ten millions digit of 6721524133?
2
What is the hundreds digit of 504278107?
1
What is the thousands digit of 8592150?
2
What is the billions digit of 1542808437?
1
What is the thousands digit of 674026896?
6
What is the thousands digit of 189551503?
1
What is the hundreds digit of 408443747?
7
What is the millions digit of 114474754?
4
What is the thousands digit of 4772381844?
1
What is the hundred thousands digit of 725502006?
5
What is the ten thousands digit of 636257719?
5
What is the ten thousands digit of 2095110605?
1
What is the hundred thousands digit of 2630729?
6
What is the thousands digit of 1564877200?
7
What is the units digit of 565466663?
3
What is the hundred millions digit of 255929001?
2
What is the hundreds digit of 448042985?
9
What is the millions digit of 10236068?
0
What is the units digit of 367352163?
3
What is the ten thousands digit of 3952983642?
8
What is the ten millions digit of 52236593?
5
What is the ten millions digit of 10869500?
1
What is the tens digit of 98639759?
5
What is the hundreds digit of 1289705326?
3
What is the ten thousands digit of 3236267?
3
What is the hundred millions digit of 4815524934?
8
What is the hundreds digit of 3125941639?
6
What is the thousands digit of 185684862?
4
What is the thousands digit of 63372384?
2
What is the thousands digit of 6784535748?
5
What is the ten millions digit of 250513358?
5
What is the units digit of 372349802?
2
What is the thousands digit of 43395883?
5
What is the units digit of 262391154?
4
What is the millions digit of 1083229641?
3
What is the units digit of 108497732?
2
What is the units digit of 38829790?
0
What is the hundred millions digit of 222801061?
2
What is the tens digit of 381874855?
5
What is the hundreds digit of 4878376857?
8
What is the hundred millions digit of 126314079?
1
What is the ten millions digit of 50699580?
5
What is the ten thousands digit of 43736935?
3
What is the thousands digit of 24092546?
2
What is the ten thousands digit of 937618?
3
What is the hundred millions digit of 445902319?
4
What is the ten thousands digit of 31850485?
5
What is the tens digit of 23186356?
5
What is the thousands digit of 123865857?
5
What is the units digit of 841364666?
6
What is the thousands digit of 36255099?
5
What is the hundreds digit of 56604297?
2
What is the ten thousands digit of 529368085?
6
What is the units digit of 142275250?
0
What is the billions digit of 1068707038?
1
What is the millions digit of 69063086?
9
What is the units digit of 511555642?
2
What is the billions digit of 2576989974?
2
What is the thousands digit of 807227839?
7
What is the hundred thousands digit of 1473445486?
4
What is the thousands digit of 1435232075?
2
What is the millions digit of 4595384394?
5
What is the units digit of 22382087?
7
What is the hundred thousands digit of 447057711?
0
What is the billions digit of 7469455478?
7
What is the units digit of 42226258?
8
What is the hundreds digit of 482928987?
9
What is the units digit of 1204948236?
6
What is the thousands digit of 214019825?
9
What is the hundreds digit of 39683645?
6
What is the millions digit of 11829417?
1
What is the ten millions digit of 61377016?
6
What is the hundred thousands digit of 48869424?
8
What is the units digit of 7324162?
2
What is the millions digit of 199354759?
9
What is the tens digit of 78738449?
4
What is the tens digit of 525444215?
1
What is the billions digit of 3562085785?
3
What is the ten millions digit of 73262578?
7
What is the units digit of 1117365343?
3
What is the hundreds digit of 86335554?
5
What is the ten thousands digit of 7280644?
8
What is the hundred millions digit of 2186528013?
1
What is the units digit of 57702258?
8
What is the ten thousands digit of 57231400?
3
What is the tens digit of 42458274?
7
What is the hundred millions digit of 2165202833?
1
What is the ten thousands digit of 203269944?
6
What is the tens digit of 1125298665?
6
What is the hundreds digit of 935479640?
6
What is the thousands digit of 4406058887?
8
What is the thousands digit of 1816925373?
5
What is the hundreds digit of 1318304550?
5
What is the units digit of 4949160660?
0
What is the units digit of 1257843103?
3
What is the ten thousands digit of 57301722?
0
What is the ten thousands digit of 15073271?
7
What is the billions digit of 4935712588?
4
What is the thousands digit of 216604253?
4
What is the hundreds digit of 690040792?
7
What is the units digit of 81943241?
1
What is the hundred thousands digit of 34698619?
6
What is the millions digit of 3610362?
3
What is the hundreds digit of 63461864?
8
What is the billions digit of 1648302659?
1
What is the millions digit of 104552441?
4
What is the millions digit of 1302862695?
2
What is the ten millions digit of 261185100?
6
What is the tens digit of 116599410?
1
What is the units digit of 90787770?
0
What is the ten millions digit of 411299377?
1
What is the millions digit of 3043166?
3
What is the hundreds digit of 423188576?
5
What is the ten thousands digit of 236902681?
0
What is the millions digit of 1421834300?
1
What is the billions digit of 2534272382?
2
What is the ten millions digit of 21574717?
2
What is the ten thousands digit of 31451800?
5
What is the units digit of 633827735?
5
What is the ten millions digit of 208695895?
0
What is the tens digit of 392184490?
9
What is the ten thousands digit of 471982747?
8
What is the hundred thousands digit of 80813456?
8
What is the units digit of 117753794?
4
What is the units digit of 77653570?
0
What is the millions digit of 663845119?
3
What is the hundred millions digit of 236183449?
2
What is the units digit of 2512547649?
9
What is the thousands digit of 74369209?
9
What is the tens digit of 414495254?
5
What is the thousands digit of 62270425?
0
What is the tens digit of 24539058?
5
What is the millions digit of 39429287?
9
What is the hundreds digit of 1278739690?
6
What is the thousands digit of 8358701016?
1
What is the millions digit of 1084623673?
4
What is the thousands digit of 21253820?
3
What is the hundred millions digit of 4836701774?
8
What is the hundred thousands digit of 8943936734?
9
What is the hundreds digit of 225127639?
6
What is the hundred thousands digit of 61509501?
5
What is the hundreds digit of 138209433?
4
What is the thousands digit of 13693411?
3
What is the thousands digit of 104258542?
8
What is the hundreds digit of 279171307?
3
What is the tens digit of 827378497?
9
What is the hundred thousands digit of 483050616?
0
What is the tens digit of 61420005?
0
What is the ten millions digit of 1997965772?
9
What is the hundred millions digit of 197497778?
1
What is the hundreds digit of 1010479645?
6
What is the ten millions digit of 95323070?
9
What is the hu